{"id":163,"date":"2021-07-25T06:58:37","date_gmt":"2021-07-25T04:58:37","guid":{"rendered":"http:\/\/www.naszpiast.pl\/?page_id=163"},"modified":"2026-01-25T21:14:08","modified_gmt":"2026-01-25T20:14:08","slug":"mesmerize","status":"publish","type":"page","link":"https:\/\/www.naszpiast.pl\/","title":{"rendered":"Front Page"},"content":{"rendered":"<div  id=\"overlappable-4\" class=\"overlappable-4 content-section content-section-spacing\" style=\"background-color: #ffffff;\" data-label=\"Overlappable\" data-id=\"overlappable-4\" data-export-id=\"overlappable-4\" data-category=\"overlappable\" data-overlap=\"true\">\n<div  class=\"gridContainer\">\n<div  class=\"row spaced-cols text-center\" data-type=\"row\">\n<div  class=\"col-xs-12 col-sm-4 col-padding col-md-4 \">\n<div  class=\"\" data-type=\"column\">\n<p  class=\"\"><a  class=\"\" href=\"https:\/\/www.naszpiast.pl?page_id=244\" target=\"_self\" rel=\"noopener\" data-cp-link=\"1\"><img  decoding=\"async\" class=\"custom-image\" title=\"XVI Przegl\u0105d kol\u0119dniczy - 2026\" src=\"https:\/\/www.naszpiast.pl\/wp-content\/uploads\/2021\/07\/3.png\" alt=\"\"><\/a><\/p>\n\n<h5  class=\"\"><span  style=\"letter-spacing: 0.14rem; font-size: 16px;\">XVI Przegl\u0105d\nkol\u0119dniczy&nbsp;<\/span><\/h5>\n<p  class=\"\">W dniach<b >17-18 stycznia 2026 roku<\/b> odby\u0142a si\u0119 <b >XVI edycja\nOg\u00f3lnopolskiego Przegl\u0105du Zespo\u0142\u00f3w i Grup Kol\u0119dniczych.\n<\/b><\/p>\n\n<p  class=\"\"><a  class=\"\" href=\"https:\/\/www.naszpiast.pl?page_id=244\" target=\"_self\" rel=\"noopener\" data-cp-link=\"1\"><img  decoding=\"async\" class=\"custom-image\" title=\"RELACJA\" src=\"https:\/\/www.naszpiast.pl\/wp-content\/uploads\/2021\/08\/Przeglad-koledniczy.jpg\" alt=\"\"><\/a><a  class=\"button blue\" title=\"RELACJA\" href=\"https:\/\/www.naszpiast.pl?page_id=244\" target=\"_self\" rel=\"noopener\" data-cp-link=\"1\">RELACJA<\/a><\/p>\n\n<\/div>\n<\/div>\n<div  class=\"col-xs-12 col-sm-4 col-padding col-md-4 \">\n<div  class=\"\" data-type=\"column\">\n<p  class=\"\"><a  class=\"\" href=\"https:\/\/www.naszpiast.pl?page_id=249\" target=\"_self\" rel=\"noopener\" data-cp-link=\"1\"><img  decoding=\"async\" class=\"custom-image\" title=\"Kultura ludowa Lubelszczyzny\" src=\"https:\/\/www.naszpiast.pl\/wp-content\/uploads\/2021\/07\/2.png\" alt=\"\"><\/a><\/p>\n\n<h5  class=\"\">Kultura ludowa Lubelszczyzny<\/h5>\n<p  class=\"\">W grudniu 2020 roku ukaza\u0142 si\u0119 obszerny tom tekst\u00f3w po\u015bwi\u0119conych \u201eKulturze ludowej\nLubelszczyzny\u201d wybitnych przedstawicieli nauk humanistycznych i kulturoznawczych.<\/p>\n<p  class=\"\"><a  class=\"\" href=\"https:\/\/www.naszpiast.pl?page_id=249\" target=\"_self\" rel=\"noopener\" data-cp-link=\"1\"><img  decoding=\"async\" class=\"custom-image\" title=\"Kultura-ludowa-Lubelszczyzny-ok\u0142adka\" src=\"https:\/\/www.naszpiast.pl\/wp-content\/uploads\/2021\/08\/Kultura-ludowa-Lubelszczyzny-cover.jpg\" alt=\"\"><\/a><a  class=\"button blue\" href=\"https:\/\/www.naszpiast.pl?page_id=249\" target=\"_self\" rel=\"noopener\" data-cp-link=\"1\">Czytaj dalej <\/a><\/p>\n\n<\/div>\n<\/div>\n<div  class=\"col-xs-12 col-sm-4 col-padding col-md-4 \">\n<div  class=\"\" data-type=\"column\">\n<p  class=\"\"><a  class=\"\" href=\"https:\/\/www.naszpiast.pl?page_id=253\" target=\"_self\" rel=\"noopener\" data-cp-link=\"1\"><img  decoding=\"async\" class=\"custom-image\" title=\"Znaczenie kultury\" src=\"https:\/\/www.naszpiast.pl\/wp-content\/uploads\/2021\/07\/1.png\" alt=\"\"><\/a><\/p>\n\n<h5  class=\"\">Znaczenie kultury<\/h5>\n<p  class=\"\">Kultura jest \u017ar\u00f3d\u0142em \u017cycia narodu, jego trwania i rozwoju. To dzi\u0119ki kulturze, jej\nwarto\u015bciom materialnym i niematerialnym narody zachowuj\u0105 swoj\u0105 to\u017csamo\u015b\u0107.<\/p>\n<p  class=\"\"><a  class=\"\" href=\"https:\/\/www.naszpiast.pl?page_id=253\" target=\"_self\" rel=\"noopener\" data-cp-link=\"1\"><img  decoding=\"async\" class=\"custom-image\" title=\"Znaczenie kultury\" src=\"https:\/\/www.naszpiast.pl\/wp-content\/uploads\/2021\/08\/Znaczenie-kultury-.jpg\" alt=\"\"><\/a><a  class=\"button blue\" href=\"https:\/\/www.naszpiast.pl?page_id=253\" target=\"_self\" rel=\"noopener\" data-cp-link=\"1\">Czytaj dalej<\/a><\/p>\n\n<\/div>\n<\/div>\n<\/div>\n<\/div>\n<\/div><div  id=\"clients-1\" class=\"clients-4 content-section content-section-spacing-small\" style=\"background-color: #f5fafd;\" data-label=\"Clients\" data-id=\"clients--1\" data-export-id=\"clients-4\" data-category=\"clients\">\n<div  class=\"gridContainer\">\n<div  class=\"row\">\n<div  class=\"section-title-col\" data-type=\"column\"><\/div>\n<\/div>\n\n<div  class=\"row spaced-cols middle-xs center-xs space-bottom padding-lr\" data-type=\"row\">\n<div  class=\"\" style=\"background-color: white; border-radius: 50px;\">\n<a  class=\"\" href=\"https:\/\/www.naszpiast.pl?page_id=1327\" target=\"_self\" rel=\"noopener\" data-cp-link=\"1\">\n<img  decoding=\"async\" class=\"alignnone\" title=\"Laboratorium Tradycji Kole\u0328dniczych Lubelszczyzny\" src=\"https:\/\/www.naszpiast.pl\/wp-content\/uploads\/2024\/04\/1920x400-.jpg\" alt=\"Laboratorium Tradycji Kole\u0328dniczych Lubelszczyzny\" width=\"100%\"><\/a>\n\n<figure  class=\"aligncenter size-large is-resized\"><img  loading=\"lazy\" decoding=\"async\" width=\"1024\" height=\"330\" src=\"https:\/\/www.naszpiast.pl\/wp-content\/uploads\/2024\/04\/2024_NCK_dofinans_etnoplska_RGB-1024x330.jpg\" alt=\"\" class=\"wp-image-1332\" style=\"width: 583px; height: auto;\" srcset=\"https:\/\/www.naszpiast.pl\/wp-content\/uploads\/2024\/04\/2024_NCK_dofinans_etnoplska_RGB-1024x330.jpg 1024w, https:\/\/www.naszpiast.pl\/wp-content\/uploads\/2024\/04\/2024_NCK_dofinans_etnoplska_RGB-300x97.jpg 300w, https:\/\/www.naszpiast.pl\/wp-content\/uploads\/2024\/04\/2024_NCK_dofinans_etnoplska_RGB-768x247.jpg 768w, https:\/\/www.naszpiast.pl\/wp-content\/uploads\/2024\/04\/2024_NCK_dofinans_etnoplska_RGB-1536x494.jpg 1536w, https:\/\/www.naszpiast.pl\/wp-content\/uploads\/2024\/04\/2024_NCK_dofinans_etnoplska_RGB-2048x659.jpg 2048w, https:\/\/www.naszpiast.pl\/wp-content\/uploads\/2024\/04\/2024_NCK_dofinans_etnoplska_RGB-1920x618.jpg 1920w\" sizes=\"auto, (max-width: 1024px) 100vw, 1024px\"><\/figure>\n\n<\/div>\n\n\n<\/div>\n<\/div>\n<\/div><div  id=\"cta-1\" class=\"cta-blue-section content-section content-section-spacing-medium bg-color1 white-text\" data-label=\"Cta\" data-id=\"cta--1\" data-export-id=\"cta-blue-section\" data-category=\"cta\">\n<div  class=\"gridContainer\">\n<div  class=\"row middle-xs\">\n<div  class=\"col-sm-8 space-bottom-xs\" data-type=\"column\">\n<h2  class=\"\">XVI Og\u00f3lnopolski Przegl\u0105d Zespo\u0142\u00f3w<\/h2>\ni Grup Kol\u0119dniczych &nbsp;<span  class=\"font-300\">17-18 stycznia 2026&nbsp;<\/span>\n\n<\/div>\n<div  class=\"col-sm-4 end-sm\" data-type=\"column\"><a  class=\"button color2\" href=\"https:\/\/www.naszpiast.pl?page_id=244\" target=\"_self\" rel=\"noopener\" data-cp-link=\"1\">RELACJA<\/a><\/div>\n<\/div>\n<\/div>\n<\/div><div  class=\"row spaced-cols middle-xs center-xs space-bottom padding-lr\" data-type=\"row\">\n\n\n<\/div><hr  class=\"wp-block-separator\" style=\"color: #dee4e7;\"><hr  class=\"wp-block-separator\" style=\"color: #dee4e7;\"><div  id=\"contact-1\" class=\"contact-1 content-section content-section-spacing white-text\" style=\"background-image: url('https:\/\/www.naszpiast.pl\/wp-content\/uploads\/2021\/07\/BANER-2-scaled.jpg'); background-size: cover; background-position: center top; \/* border: solid 2px; *\/\/* border-bottom: solid 1px; *\/\/* border-bottom-color: rgb(88 206 206);\" data-label=\"Contact\" data-id=\"contact-1\" data-export-id=\"contact-1\" data-category=\"contact\" data-parallax-depth=\"20\">\n<div  class=\"gridContainer\">\n<div  class=\"row text-center\">\n<div  class=\"section-title-col\" data-type=\"column\">\n<h3  class=\"\">Kontakt:<\/h3>\n<\/div>\n<\/div>\n<div  class=\"row text-center\">\n<div  class=\"col-xs-12 col-sm-8 col-sm-offset-2 contact-form-wrapper inline-info\"><\/div>\n<\/div>\n<\/div>\n<\/div>","protected":false},"excerpt":{"rendered":"<p>XVI Przegl\u0105d kol\u0119dniczy&nbsp; W dniach17-18 stycznia 2026 roku odby\u0142a si\u0119 XVI edycja Og\u00f3lnopolskiego Przegl\u0105du Zespo\u0142\u00f3w i Grup Kol\u0119dniczych. RELACJA Kultura ludowa Lubelszczyzny W grudniu 2020 roku ukaza\u0142 si\u0119 obszerny tom tekst\u00f3w po\u015bwi\u0119conych \u201eKulturze ludowej Lubelszczyzny\u201d wybitnych przedstawicieli nauk humanistycznych i kulturoznawczych. Czytaj dalej Znaczenie kultury Kultura jest \u017ar\u00f3d\u0142em \u017cycia narodu, jego trwania i rozwoju. To&hellip; <br \/> <a class=\"read-more\" href=\"https:\/\/www.naszpiast.pl\/\">Dowiedz si\u0119 wi\u0119cej<\/a><\/p>\n","protected":false},"author":2,"featured_media":0,"parent":0,"menu_order":0,"comment_status":"closed","ping_status":"closed","template":"page-templates\/homepage.php","meta":{"_themeisle_gutenberg_block_has_review":false,"footnotes":""},"class_list":["post-163","page","type-page","status-publish","hentry"],"_links":{"self":[{"href":"https:\/\/www.naszpiast.pl\/index.php?rest_route=\/wp\/v2\/pages\/163","targetHints":{"allow":["GET"]}}],"collection":[{"href":"https:\/\/www.naszpiast.pl\/index.php?rest_route=\/wp\/v2\/pages"}],"about":[{"href":"https:\/\/www.naszpiast.pl\/index.php?rest_route=\/wp\/v2\/types\/page"}],"author":[{"embeddable":true,"href":"https:\/\/www.naszpiast.pl\/index.php?rest_route=\/wp\/v2\/users\/2"}],"replies":[{"embeddable":true,"href":"https:\/\/www.naszpiast.pl\/index.php?rest_route=%2Fwp%2Fv2%2Fcomments&post=163"}],"version-history":[{"count":120,"href":"https:\/\/www.naszpiast.pl\/index.php?rest_route=\/wp\/v2\/pages\/163\/revisions"}],"predecessor-version":[{"id":1881,"href":"https:\/\/www.naszpiast.pl\/index.php?rest_route=\/wp\/v2\/pages\/163\/revisions\/1881"}],"wp:attachment":[{"href":"https:\/\/www.naszpiast.pl\/index.php?rest_route=%2Fwp%2Fv2%2Fmedia&parent=163"}],"curies":[{"name":"wp","href":"https:\/\/api.w.org\/{rel}","templated":true}]}}